 the remainder when 911 is divided by 153.
146
What is the remainder when 12345 is divided by 28?
25
What is the remainder when 43 is divided by 12?
7
What is the remainder when 245 is divided by 41?
40
What is the remainder when 8903 is divided by 14?
13
What is the remainder when 99 is divided by 51?
48
Calculate the remainder when 175 is divided by 22.
21
What is the remainder when 353 is divided by 169?
15
Calculate the remainder when 244 is divided by 24.
4
Calculate the remainder when 35 is divided by 13.
9
Calculate the remainder when 487 is divided by 458.
29
Calculate the remainder when 4547 is divided by 91.
88
Calculate the remainder when 756 is divided by 60.
36
Calculate the remainder when 595 is divided by 5.
0
What is the remainder when 335 is divided by 48?
47
Calculate the remainder when 923 is divided by 33.
32
Calculate the remainder when 1092 is divided by 48.
36
What is the remainder when 19 is divided by 11?
8
Calculate the remainder when 117 is divided by 15.
12
What is the remainder when 183 is divided by 37?
35
What is the remainder when 1731 is divided by 34?
31
What is the remainder when 310 is divided by 59?
15
What is the remainder when 13713 is divided by 13?
11
What is the remainder when 517 is divided by 35?
27
Calculate the remainder when 103 is divided by 56.
47
What is the remainder when 367 is divided by 16?
15
Calculate the remainder when 177 is divided by 6.
3
What is the remainder when 929 is divided by 247?
188
Calculate the remainder when 670 is divided by 32.
30
What is the remainder when 246 is divided by 63?
57
What is the remainder when 501 is divided by 101?
97
Calculate the remainder when 1515 is divided by 217.
213
Calculate the remainder when 505 is divided by 51.
46
Calculate the remainder when 14891 is divided by 34.
33
Calculate the remainder when 182 is divided by 15.
2
Calculate the remainder when 3383 is divided by 261.
251
Calculate the remainder when 116 is divided by 51.
14
What is the remainder when 384 is divided by 7?
6
Calculate the remainder when 151 is divided by 32.
23
What is the remainder when 143649 is divided by 13?
12
Calculate the remainder when 85 is divided by 40.
5
Calculate the remainder when 60 is divided by 28.
4
Calculate the remainder when 51 is divided by 6.
3
What is the remainder when 933 is divided by 20?
13
What is the remainder when 2936 is divided by 44?
32
What is the remainder when 237 is divided by 7?
6
Calculate the remainder when 34 is divided by 12.
10
What is the remainder when 583 is divided by 127?
75
Calculate the remainder when 193 is divided by 156.
37
What is the remainder when 63 is divided by 22?
19
Calculate the remainder when 2742 is divided by 54.
42
Calculate the remainder when 1503 is divided by 101.
89
Calculate the remainder when 350 is divided by 68.
10
Calculate the remainder when 14157 is divided by 80.
77
What is the remainder when 2951 is divided by 82?
81
Calculate the remainder when 713 is divided by 34.
33
Calculate the remainder when 45298 is divided by 12.
10
Calculate the remainder when 142 is divided by 26.
12
What is the remainder when 107 is divided by 49?
9
What is the remainder when 210 is divided by 50?
10
Calculate the remainder when 2173 is divided by 542.
5
What is the remainder when 407 is divided by 5?
2
What is the remainder when 11598 is divided by 232?
230
Calculate the remainder when 26 is divided by 7.
5
Calculate the remainder when 68 is divided by 15.
8
Calculate the remainder when 794 is divided by 14.
10
Calculate the remainder when 3033 is divided by 87.
75
Calculate the remainder when 691 is divided by 26.
15
What is the remainder when 40 is divided by 6?
4
Calculate the remainder when 984 is divided by 193.
19
What is the remainder when 36 is divided by 13?
10
Calculate the remainder when 518 is divided by 131.
125
Calculate the remainder when 213 is divided by 24.
21
What is the remainder when 32 is divided by 17?
15
Calculate the remainder when 341 is divided by 178.
163
What is the remainder when 288 is divided by 61?
44
What is the remainder when 337 is divided by 19?
14
Calculate the remainder when 250 is divided by 18.
16
Calculate the remainder when 183 is divided by 10.
3
Calculate the remainder when 64 is divided by 64.
0
Calculate the remainder when 2178 is divided by 336.
162
What is the remainder when 192 is divided by 99?
93
What is the remainder when 3617 is divided by 120?
17
What is the remainder when 895 is divided by 13?
11
Calculate the remainder when 6567 is divided by 30.
27
What is the remainder when 25077 is divided by 76?
73
Calculate the remainder when 4499 is divided by 15.
14
Calculate the remainder when 3415 is divided by 7.
6
What is the remainder when 119 is divided by 10?
9
What is the remainder when 440 is divided by 36?
8
Calculate the remainder when 803 is divided by 75.
53
Calculate the remainder when 54 is divided by 2.
0
Calculate the remainder when 413 is divided by 83.
81
What is the remainder when 17247 is divided by 112?
111
What is the remainder when 7899 is divided by 987?
3
What is the remainder when 101 is divided by 49?
3
Calculate the remainder when 665 is divided by 9.
8
Calculate the remainder when 860 is divided by 21.
20
What is the remainder when 202 is divided by 29?
28
What is the remainder when 659 is divided by 14?
1
Calculate the remainder when 546 is divided by 55.
51
What is the remainder when 359 is divided by 24?
23
What is the remainder when 2702 is divided by 26?
24
What is the remainder when 53 is divided by 11?
9
Calculate the remainder when 10902 is divided by 58.
56
Calculate the remainder when 46 is divided by 7.
4
Calculate the remainder when 243 is divided by 59.
7
Calculate the remainder when 1615 is divided by 326.
311
What is the remainder when 73 is divided by 54?
19
Calculate the remainder when 2169 is divided by 7.
6
Calculate the remainder when 1623 is divided by 149.
133
Calculate the remainder when 371 is divided by 28.
7
What is the remainder when 77 is divided by 32?
13
What is the remainder when 12 is divided by 12?
0
What is the remainder when 3473 is divided by 57?
53
What is the remainder when 9414 is divided by 11?
9
Calculate the remainder when 2111 is divided by 680.
71
What is the remainder when 110 is divided by 24?
14
Calculate the remainder when 116 is divided by 33.
17
Calculate the remainder when 440 is divided by 34.
32
What is the remainder when 1357 is divided by 136?
133
What is the remainder when 23425 is divided by 13?
12
What is the remainder when 6925 is divided by 198?
193
What is the remainder when 85 is divided by 11?
8
What is the remainder when 201 is divided by 74?
53
Calculate the remainder when 942 is divided by 467.
8
Calculate the remainder when 257 is divided by 29.
25
Calculate the remainder when 251 is divided by 117.
17
What is the remainder when 1430 is divided by 365?
335
What is the remainder when 185 is divided by 27?
23
Calculate the remainder when 132 is divided by 19.
18
What is the remainder when 10258 is divided by 76?
74
Calculate the remainder when 958 is divided by 159.
4
Calculate the remainder when 4299 is divided by 172.
171
What is the remainder when 1373 is divided by 43?
40
Calculate the remainder when 284 is divided by 74.
62
Calculate the remainder when 351 is divided by 17.
11
Calculate the remainder when 1111 is divided by 4.
3
What is the remainder when 635 is divided by 373?
262
What is the remainder when 166 is divided by 9?
4
What is the remainder when 51 is divided by 50?
1
What is the remainder when 943 is divided by 45?
43
What is the remainder when 93 is divided by 79?
14
Calculate the remainder when 18 is divided by 12.
6
What is the remainder when 7060 is divided by 321?
319
What is the remainder when 1707 is divided by 114?
111
Calculate the remainder when 412 is divided by 23.
21
What is the remainder when 1266 is divided by 249?
21
What is the remainder when 725 is divided by 61?
54
What is the remainder when 716 is divided by 16?
12
What is the remainder when 168 is divided by 21?
0
Calculate the remainder when 2945 is divided by 67.
64
Calculate the remainder when 356 is divided by 2.
0
What is the remainder when 135 is divided by 1?
0
What is the r